se
Let o(w) = 7*w**3 + 20*w**2 + 32*w - 40 - 21*w**3 + 13*w**3. Is o(19) composite?
False
Let z = 806 + -493. Suppose -320*x + 6377 = -z*x. Is x prime?
True
Suppose -1029*r + 288635 = -1028*r. Is r composite?
True
Let p be -2*(6/(-4) - (6 + -6)). Suppose 7*f - 5*u = 3*f + 18555, 0 = -5*f + p*u + 23210. Is f prime?
False
Suppose -4*k + 1211146 = 5*t, 286032 = k + 4*t - 16771. Is k composite?
False
Let k(n) = n**2 + 16*n + 6. Let x(s) = -s**2 - 31*s - 13. Let w(c) = 9*k(c) + 4*x(c). Suppose 0 = 5*m - t + 30, 5*m - t - 2*t = -30. Is w(m) a composite number?
True
Suppose 1968*t + 1798 = 1970*t. Is t composite?
True
Let s(t) = 5*t - 32. Let y be s(7). Let l be (-1)/((-3)/(-9)) - y/(-3). Let b(g) = 136*g**2 + 7*g + 11. Is b(l) a composite number?
False
Let u(o) = -o**2 + 38*o + 14. Let d = 30 - 29. Let b be 7/d*(-16 + 19). Is u(b) prime?
False
Let k(o) = 66*o**2 + 123*o + 2450. Is k(-29) a composite number?
True
Let w be 273/63 - (-1)/(-3). Suppose -3*k = n + 4, -k - n = w*k + 4. Suppose -u + 10*u - 22149 = k. Is u a prime number?
False
Let t(v) = 46*v + 7. Let l be -1 - (-5 + (0 - -1)). Let d be t(l). Suppose 2*w - 99 = -4*n + 95, d = 3*n + 2*w. Is n a prime number?
False
Let u be 2/7 - 1546*(-146)/(-28). Let h = u + 12238. Is h composite?
False
Suppose 0 = -n, -4*n = -5*f - 0*f + n. Is 28761 - f - ((-16)/1)/(-8) a composite number?
False
Let r be (-2690)/4*10/(3/(-3)). Let w = 15012 - r. Is w a prime number?
True
Let z(p) = -2*p - 10977. Let w be z(0). Let g = w - -7359. Let m = g + 5377. Is m a composite number?
False
Let g = 114 + -120. Is 2248 - g/(-4)*(-30)/15 a composite number?
False
Suppose 0 = 5*d - 79 - 21. Let o(q) = 10*q - 7. Let z be o(d). Let a = z - -800. Is a a prime number?
False
Suppose 0 = 3935*q - 3934*q - 93887. Is q prime?
True
Suppose 0 = -295*r + 310*r - 1298775. Is r a prime number?
False
Let b(f) = 2483*f + 208. Let h be b(11). Suppose -7*r = -h - 4560. Is r prime?
True
Let u = -194 + 359. Suppose -p + u = 10*p. Let i(a) = 231*a + 46. Is i(p) composite?
False
Suppose -20 = -4*c, 5*l + 165*c = 167*c + 29925. Is l a prime number?
True
Suppose -106*j + 107*j = 3*l + 27155, -2*l = 0. Is j a composite number?
True
Suppose -p - 4 = 2. Let b(q) = 17*q**2 + 7*q - 25 + 16*q**2 - 8*q**2 + 1 + 28. Is b(p) composite?
True
Let k = -293 - -739. Let n be (1/(1/(-1)))/(-1). Is (49/14)/(n/k) composite?
True
Is 1139/201*(-3)/(-2)*1502 a composite number?
True
Suppose -5*v + 0*q = -q - 30, 4*v + 5*q = -5. Suppose -4 = -2*w, 138 = v*b - w + 15. Suppose 2452 = 29*c - b*c. Is c prime?
True
Let x = -507226 - -1131273. Is x composite?
False
Is (26 + 836383/34)/(3/26) prime?
False
Let w(x) = -2*x**3 - 10*x**2 - 44*x + 15. Let k(t) = t**3 + 20*t**2 - 41*t + 52. Let d be k(-22). Is w(d) a composite number?
False
Let a = -5247 - -7851. Let v = -1507 + a. Is v a composite number?
False
Let g(j) = 51750*j**2 + 13*j - 14. Is g(1) prime?
True
Suppose -5*i = -l + 269003, -2*i = 29*l - 33*l + 1076120. Is l prime?
False
Let y(c) = 4*c**2 - c - 26. Let v(u) = 11*u**2 - 4*u - 79. Let f(n) = -2*v(n) + 7*y(n). Let g be f(-10). Let j = g + -375. Is j prime?
True
Suppose -t + 5*b = -18, -21 = 5*t + b - 7. Is (-2 - (-32)/12)/(t/(-11283)) composite?
False
Suppose -4358 = -2*b + 3*x, -42*x + 47*x + 10900 = 5*b. Is b prime?
False
Let v be 1 - -4*(-4)/32*-10. Let i(w) = 29*w**2 + 3*w + 7. Let z be i(v). Suppose 6*s - 7*s = -z. Is s a composite number?
False
Let c = 1585 + -14615. Let l = -7569 - c. Is l a composite number?
True
Suppose 3*u = -9*v + 5*v + 6043, 4*v - u = 6023. Is (12/(-4) - (1 + -5))*v a prime number?
False
Suppose 0 = -32*m - 0*m - 256070 + 8692774. Is m a prime number?
True
Suppose k - 2*x = -0*k + 53, -164 = -3*k + 5*x. Suppose 0 = 9*m + 2361 + 4965. Let g = k - m. Is g composite?
False
Let k be 5*(-1442)/8*-4. Let x = k - 246. Is x a prime number?
True
Suppose -3*z - 53454 = -0*n - 2*n, 3*n = -5*z + 80143. Let j = n + -12232. Is j prime?
True
Let y be 6*3/(-72)*-1608. Let j = -159 - -352. Let i = y - j. Is i composite?
True
Let p(s) = -2*s + 18. Let t be p(6). Suppose 0 = g - 2*g. Suppose t*u - u - 1605 = g. Is u a composite number?
True
Suppose 0 = -14*i + 235722 + 133472. Is i prime?
True
Let v be (-4)/6 - 28/(-6). Let h(u) = -u**3 - 5*u**2 + 2*u + 4. Let a be h(1). Suppose o + 5*d - 1535 = a, -v*o - o + 5*d + 7675 = 0. Is o a prime number?
False
Let d = 115 - 64. Suppose 0 = -56*f + d*f + 10. Suppose 2*u = f*o - 8764, 3*o - 12578 - 589 = -4*u. Is o composite?
True
Let q = -14849 - -27490. Is q a prime number?
True
Let d(x) = -3*x**3 - x. Let p be d(-1). Suppose 4*i - 728 = -p*i. Is i a composite number?
True
Suppose -s + r + 8455 - 2104 = 0, 0 = 4*r - 4. Let z = s + -2589. Is z prime?
False
Let n(i) = 281*i - 3. Let j(l) be the third derivative of 35*l**4/3 - l**3/3 - 15*l**2. Let a(b) = -6*j(b) + 5*n(b). Is a(-2) a prime number?
True
Suppose -12*n + 6393579 + 626542 = 25*n. Is n prime?
True
Is ((-5)/(-10))/((-96)/25786816*(-1)/3) a composite number?
True
Let z(k) = k**3 + 99*k**2 - 104*k - 36. Let s be z(-42). Suppose 5*d + 5*c = s, -2*d - 5*c + 13038 = -28899. Is d composite?
False
Suppose 1370 = 14*d - 912. Suppose -g + 4*q = -0*g - d, -326 = -2*g + 5*q. Is g composite?
False
Let o(r) = -2 - 5*r**2 + 2*r**3 - r**3 - 8 + 13*r + 6*r. Let g be o(8). Suppose -2*i = 3*p - 781, -57 - g = -i - 2*p. Is i prime?
True
Let g = -7003 + 10866. Is g a prime number?
True
Let t = 353184 - -144637. Is t a composite number?
True
Is (-21 - 93150/12)*10/(-3) a prime number?
False
Let w(t) = -40*t**3 - 109*t**2 - 181*t + 11. Is w(-8) composite?
True
Is (-1)/(-4) - 23728617/(-396) a prime number?
True
Let f be 11 + 385/(-33) + (-1)/3. Is (4/(-12) - f)/(4/42858) composite?
True
Is ((-19 - -11)/(-16))/((-3)/(-6275406)) a prime number?
False
Suppose 688 = 13*t + 194. Suppose 28*n - t*n = -5210. Is n a prime number?
True
Is 36/156 + (-479184)/(-39) a composite number?
True
Let o(c) = -202462*c - 505. Is o(-2) a composite number?
False
Suppose 4 = -f - p + 3, -5*f = -p - 19. Suppose -9 = 2*m - 5*h + 1, -m + h + 1 = 0. Suppose m*q - 2*o - 7653 = 0, 3*o + o = f*q - 4589. Is q composite?
False
Let g be 281/(24/(-28) - -1). Let u = 64 - 58. Suppose 4*y + h = 2591, 3*y - u*h = -2*h + g. Is y prime?
False
Suppose -o = -3 - 2. Suppose 5*f + o*i = 0, -f + i + 0*i + 10 = 0. Suppose f*v = -5*z + 2*z + 1123, 5*z = 3*v + 1917. Is z prime?
False
Is (626508/(-81))/(4/(-3)) composite?
False
Suppose -w - 15*k = -14*k + 5, -4*k = w + 5. Is 5 + w/1 + 1255 prime?
False
Let b(s) = 72*s - 50. Let j(n) = -n. Let w(z) = b(z) + 10*j(z). Is w(14) a composite number?
True
Let o(g) be the second derivative of -1064*g**3/3 - g**2 - 37*g. Let v be o(-4). Let l = v + -5583. Is l a prime number?
True
Let t be (2/(-10))/(4/(-40)). Is (-8)/t - -15*(-5932)/(-12) composite?
False
Suppose -3120*t + 3176*t - 3832808 = 0. Is t composite?
False
Suppose -87*l - 1409276 = -91*l. Is l a prime number?
False
Suppose -j - 40348 = -23*j. Suppose 0 = -1832*u + j*u - 8202. Is u prime?
False
Suppose 34*g = -7*g + 3559352 + 635645. Is g composite?
False
Suppose -4*c - 20 = 0, 3*h + 0*c = -2*c + 30224. Is h composite?
True
Let y(q) = -2*q**3 - 15*q**2 + 9*q + 19. Let d be y(-12). Is d + 42/6 + -1 a composite number?
False
Let v(q) = 257*q**2 + 13*q - 101. Let r(f) = -385*f**2 - 21*f + 152. Let k(w) = -5*r(w) - 7*v(w). Is k(4) prime?
False
Let i(j) = 20*j**2 - 10*j - 47. Suppose -v - 22 = 3*z, 7*v + 30 = -4*z + 5*v. Is i(z) a composite number?
True
Let r(y) = 129*y + 21. Let w(t) = -130*t - 20. Let o(a) = -6*r(a) - 5*w(a). Let q be o(-5). Suppose -725 = -x + q. Is x a prime number?
True
Suppose -70 = n + 6*n. Let z be (2 - n/(-4))/((-13)/78). Suppose 0 = -2*t - z*t + 1835. Is t prime?
True
Suppose -5*m = -2*d + 146354 + 108515, d - 5*m - 127442 = 0. Is d composite?
True
Let i be (-4 - (-32)/12)*-681. Suppose -3 = -q, -w = -q - q - i. Is w composite?
True
Let l = 187 + -188. Is (0 - -191)*(6 + l) composite?
True
Let m(s) = 6*s**2 - 7*s + 7. Suppose 6*i + 12 = 4*i. Let k(o) = -6*o**2 + 7*o - 8. Let h(a) = i*m(a) - 7*k(a). Is h(7) composite?
True
Suppose -100645 = -v + 4*b - 8*b, 0 = -3*v + 3*b + 301905. Is v composite?
True
Let l(s) = -s**3 - 8*s**2 - 7*s + 10. Let x(o) = -4*o**2 - 3*o + 5. Let d(n) = -2*l(n) + 5*x(n